f 248390049?
8
What is the ten millions digit of 430848728?
3
What is the units digit of 18138552?
2
What is the tens digit of 164354220?
2
What is the ten millions digit of 26938208?
2
What is the hundreds digit of 23015848?
8
What is the thousands digit of 101493022?
3
What is the tens digit of 77524763?
6
What is the millions digit of 161266476?
1
What is the hundred thousands digit of 52014994?
0
What is the hundred millions digit of 837857679?
8
What is the tens digit of 238077904?
0
What is the hundreds digit of 3804986835?
8
What is the thousands digit of 981633462?
3
What is the tens digit of 856027557?
5
What is the ten millions digit of 522391208?
2
What is the units digit of 1172979223?
3
What is the hundred thousands digit of 722589908?
5
What is the hundreds digit of 73337510?
5
What is the ten thousands digit of 1588599?
8
What is the thousands digit of 152657954?
7
What is the units digit of 756966597?
7
What is the hundreds digit of 9041757?
7
What is the millions digit of 386306201?
6
What is the thousands digit of 4195597372?
7
What is the millions digit of 535607153?
5
What is the thousands digit of 186135776?
5
What is the ten thousands digit of 122773569?
7
What is the units digit of 50686350?
0
What is the millions digit of 663476593?
3
What is the hundred thousands digit of 9467361?
4
What is the ten thousands digit of 13114503?
1
What is the hundred thousands digit of 6038389397?
3
What is the hundred thousands digit of 55891549?
8
What is the hundred millions digit of 586636064?
5
What is the ten thousands digit of 998138422?
3
What is the ten thousands digit of 33665957?
6
What is the ten thousands digit of 62120401?
2
What is the thousands digit of 1213603957?
3
What is the hundred thousands digit of 894943045?
9
What is the hundred millions digit of 461990273?
4
What is the thousands digit of 14239441?
9
What is the hundred millions digit of 552812216?
5
What is the tens digit of 34687558?
5
What is the thousands digit of 1137069895?
9
What is the ten thousands digit of 162461216?
6
What is the millions digit of 27613123?
7
What is the ten millions digit of 341243313?
4
What is the ten millions digit of 2500206742?
0
What is the ten thousands digit of 57035104?
3
What is the hundreds digit of 139097898?
8
What is the ten thousands digit of 3662055277?
5
What is the units digit of 62160344?
4
What is the hundred thousands digit of 36398016?
3
What is the ten millions digit of 154775268?
5
What is the thousands digit of 143268707?
8
What is the units digit of 707979363?
3
What is the ten millions digit of 1946586651?
4
What is the ten millions digit of 164086413?
6
What is the thousands digit of 1158461995?
1
What is the millions digit of 541073954?
1
What is the tens digit of 47763769?
6
What is the hundred millions digit of 1573949595?
5
What is the ten millions digit of 109515815?
0
What is the ten millions digit of 176116153?
7
What is the ten thousands digit of 139371558?
7
What is the hundreds digit of 864303820?
8
What is the hundred millions digit of 2414145172?
4
What is the ten millions digit of 2874029898?
7
What is the ten thousands digit of 22435730?
3
What is the hundred millions digit of 2861678892?
8
What is the millions digit of 254759573?
4
What is the hundred thousands digit of 3366380787?
3
What is the hundred thousands digit of 106191453?
1
What is the millions digit of 528586932?
8
What is the millions digit of 29477758?
9
What is the hundreds digit of 165191565?
5
What is the hundred thousands digit of 22550641?
5
What is the millions digit of 5509239217?
9
What is the hundred millions digit of 1958204898?
9
What is the units digit of 412210470?
0
What is the ten millions digit of 387501446?
8
What is the ten thousands digit of 95432114?
3
What is the hundred thousands digit of 30048913?
0
What is the thousands digit of 1414529606?
9
What is the hundred millions digit of 1743706896?
7
What is the thousands digit of 1724922797?
2
What is the thousands digit of 77409071?
9
What is the tens digit of 3791550184?
8
What is the hundreds digit of 1302368698?
6
What is the billions digit of 4765122389?
4
What is the tens digit of 833362560?
6
What is the ten thousands digit of 5749762?
4
What is the units digit of 10343045?
5
What is the millions digit of 63237569?
3
What is the hundreds digit of 1887025145?
1
What is the ten thousands digit of 910563672?
6
What is the billions digit of 5326100827?
5
What is the ten thousands digit of 362590569?
9
What is the thousands digit of 5253698?
3
What is the units digit of 35419818?
8
What is the hundred thousands digit of 1745066602?
0
What is the units digit of 5970732032?
2
What is the millions digit of 1128545231?
8
What is the hundred millions digit of 158107195?
1
What is the millions digit of 917965134?
7
What is the ten millions digit of 2569297897?
6
What is the hundred thousands digit of 580152037?
1
What is the ten millions digit of 954398305?
5
What is the hundred thousands digit of 39947764?
9
What is the ten thousands digit of 44499787?
9
What is the ten thousands digit of 671782691?
8
What is the ten millions digit of 27958866?
2
What is the tens digit of 142017685?
8
What is the tens digit of 57020526?
2
What is the ten thousands digit of 3203938885?
3
What is the millions digit of 2345205548?
5
What is the units digit of 758191873?
3
What is the tens digit of 61452561?
6
What is the units digit of 5319634356?
6
What is the hundred thousands digit of 216347200?
3
What is the hundreds digit of 5068501437?
4
What is the thousands digit of 286842898?
2
What is the units digit of 78678418?
8
What is the units digit of 48026768?
8
What is the hundred thousands digit of 1088319810?
3
What is the hundred thousands digit of 817734279?
7
What is the hundreds digit of 35104302?
3
What is the units digit of 258723508?
8
What is the hundreds digit of 64020286?
2
What is the ten thousands digit of 1727367764?
6
What is the ten millions digit of 30241522?
3
What is the hundred thousands digit of 3514727813?
7
What is the millions digit of 1031596108?
1
What is the tens digit of 3523021959?
5
What is the hundred thousands digit of 580036508?
0
What is the hundred millions digit of 655055304?
6
What is the millions digit of 1104361249?
4
What is the hundred millions digit of 160238020?
1
What is the billions digit of 2348144793?
2
What is the tens digit of 2191205963?
6
What is the hundreds digit of 497464653?
6
What is the thousands digit of 40336150?
6
What is the millions digit of 4892541?
4
What is the thousands digit of 752425645?
5
What is the ten millions digit of 244174217?
4
What is the millions digit of 40012109?
0
What is the hundreds digit of 2486530301?
3
What is the ten thousands digit of 1126470095?
7
What is the millions digit of 168395371?
8
What is the tens digit of 193067384?
8
What is the thousands digit of 50439555?
9
What is the thousands digit of 972093974?
3
What is the hundreds digit of 1604862002?
0
What is the thousands digit of 406040226?
0
What is the units digit of 150746805?
5
What is the thousands digit of 48570004?
0
What is the units digit of 13069615?
5
What is the millions digit of 2619719618?
9
What is the ten millions digit of 3127784356?
2
What is the ten thousands digit of 252042710?
4
What is the ten millions digit of 96772732?
9
What is the ten millions digit of 1251054455?
5
What is the ten millions digit of 74699370?
7
What is the ten millions digit of 137451557?
3
What is the billions digit of 2979065979?
2
What is the thousands digit of 55984035?
4
What is the tens digit of 351114816?
1
What is the units digit of 763511381?
1
What is the thousands digit of 34502607?
2
What is the ten millions digit of 89285926?
8
What is the hundred thousands digit of 609034957?
0
What is the ten thousands digit of 506056755?
5
What is the thousands digit of 675243871?
3
What is the units digit of 372115138?
8
What is the hundred thousands digit of 4850308400?
3
What is the millions digit of 75832522?
5
What is the ten millions digit of 1289430605?
8
What is the hundred thousands digit of 106888616?
8
What is the thousands digit of 636101522?
1
What is the tens digit of 6586500718?
1
What is the hundreds digit of 58609404?
4
Wh